(b) = -b**3 - 16*b**2 - 26*b + 29. What is q(-14)?
1
Let l(w) = w**3 - 9*w**2 + 2*w + 20. Determine l(10).
140
Let n(d) = d**3 + 9*d**2 - 6*d + 29. Determine n(-10).
-11
Let s(x) = -x**2 - 6*x + 9. Determine s(4).
-31
Let c(b) = 30*b**3 - 2*b**2 - 2*b - 1. What is c(-1)?
-31
Let c(r) = -r**3 - 11*r**2 - 13*r - 4. Calculate c(-9).
-49
Let u(c) = -c**3 + 7*c**2 + 2*c + 1. Determine u(8).
-47
Let c(t) = -t**2 - 21*t - 42. Calculate c(-19).
-4
Let z(l) = 4*l**3 + l**2 + l - 1. Give z(1).
5
Let i(h) = h**2 - 12*h + 12. Give i(9).
-15
Let z(b) = -b + 3. Determine z(0).
3
Let i(c) = 3*c**2 - 12*c + 4. Give i(8).
100
Let b(h) = -h**3 + 6*h**2 - 2*h + 3. Calculate b(6).
-9
Let c(j) = 6*j**2 - 15*j + 1. Calculate c(-2).
55
Let h(a) = a**2 + a - 16. Determine h(0).
-16
Let q(i) = i**2 - 14*i - 25. Give q(17).
26
Let v(h) = -h**3 + 12*h**2 - 15*h + 8. Give v(11).
-36
Let r(j) = 68*j - 474. Calculate r(7).
2
Let t(h) = 13*h + 24. Give t(-2).
-2
Let j(h) = -5*h**3 + 2*h + 1. Give j(-2).
37
Let h(z) = z**2 + 8*z - 5. What is h(-9)?
4
Let r(t) = t**3 + t**2 - 17*t + 3. What is r(-5)?
-12
Let y(n) = -n**3 - 10*n**2 - 9*n + 2. Determine y(-9).
2
Let v(l) = l**2 - l - 18. Give v(8).
38
Let i(n) = -8*n - 29. Give i(-3).
-5
Let r(p) = 43*p - 1. What is r(-1)?
-44
Let o(t) = -3*t - 9. Give o(0).
-9
Let m(t) = 20*t + 7. What is m(0)?
7
Let y(r) = 5*r**3 - 3*r**2 - 4*r + 6. Calculate y(-2).
-38
Let k(d) = d**3 + 2*d**2 - 8*d - 4. What is k(-4)?
-4
Let t(g) = 7*g - 3. Calculate t(-3).
-24
Let f(w) = 32*w - 2. What is f(1)?
30
Let j(r) = 31*r - 8. Give j(1).
23
Let f(b) = 6*b - 6. Determine f(-4).
-30
Let m(z) = z**3 + 5*z**2 + 4*z + 5. Calculate m(-5).
-15
Let d(g) = g**3 + 5*g**2 + 3*g + 33. Calculate d(-5).
18
Let s(o) = -2*o**2 + 24*o + 12. Determine s(13).
-14
Let r(z) = -4*z + 128. Give r(34).
-8
Let x(p) = -40*p + 194. Give x(5).
-6
Let c(g) = g**3 + 18*g**2 + 17*g + 4. Determine c(-17).
4
Let o(a) = -a**2 - 2*a + 16. Calculate o(-5).
1
Let r(f) = f**3 - 3*f**2 + 2. Calculate r(2).
-2
Let g(h) = 20*h**3 + 2*h**2 - 1. Determine g(-1).
-19
Let x(c) = -c + 11. What is x(5)?
6
Let l(v) = -v**3 - 11*v**2 + 14*v + 27. Determine l(-12).
3
Let t(r) = -r**3 - 13*r**2 + 6*r + 99. Give t(-13).
21
Let p(v) = 10*v + 79. Determine p(-7).
9
Let v(a) = -2*a**3 + 27*a**2 + 15*a - 34. Calculate v(14).
-20
Let f(a) = -a**3 - 2*a**2 - 4. Determine f(-3).
5
Let a(u) = -10*u - 45. What is a(-11)?
65
Let g(k) = k**3 - 12*k**2 + 16*k - 12. Calculate g(11).
43
Let b(l) = 13*l - 21. What is b(2)?
5
Let t(w) = w**3 - w - 1. Calculate t(0).
-1
Let k(u) = 3*u**2 + u + 5. Determine k(5).
85
Let l(w) = 3*w - 13. What is l(-4)?
-25
Let p(r) = 2*r**3 - 3*r**2 + 7*r - 9. Determine p(2).
9
Let p(t) = -t + 15. Give p(5).
10
Let w(a) = -2*a**2 - 68*a - 331. Calculate w(-6).
5
Let i(d) = d**3 + 9*d**2 - 21*d - 11. What is i(-11)?
-22
Let b(a) = 2*a**2 - 3*a. What is b(2)?
2
Let k(b) = 3*b**2 - 23*b + 15. Calculate k(9).
51
Let i(o) = 3*o. Determine i(-13).
-39
Let y(m) = -m**2 + 2*m - 1. What is y(2)?
-1
Let u(v) = v + 24. What is u(-27)?
-3
Let b(h) = -h**3 + 8*h**2 - 6*h - 3. What is b(5)?
42
Let o(j) = j**2 + 10*j - 3. Give o(-9).
-12
Let a(k) = 4*k + 28. Calculate a(-7).
0
Let n(z) = 5*z + 8. Calculate n(-6).
-22
Let q(y) = -6*y**2 + 13*y - 1. What is q(4)?
-45
Let i(w) = w**2 - w + 1. Calculate i(2).
3
Let x(q) = 2*q**2 + 9*q - 73. Calculate x(-8).
-17
Let z(j) = j - 8. What is z(4)?
-4
Let o(g) = 2*g**2 - 3*g - 2. Determine o(3).
7
Let z(x) = x**3 - 6*x**2 + 8*x + 3. Determine z(5).
18
Let d(i) = 7*i**2 + 13*i + 43. Give d(-3).
67
Let v(f) = -f**3 - 2*f + 1. Determine v(2).
-11
Let l(v) = 20*v + 238. Calculate l(-12).
-2
Let p(y) = 22*y - 85. Calculate p(4).
3
Let m(b) = 8*b + 12. Calculate m(-7).
-44
Let h(t) = 4*t + 29. Give h(-10).
-11
Let a(s) = -2*s**2 - 3*s - 3. Calculate a(4).
-47
Let f(n) = -2*n**2 - 24*n + 32. Determine f(-13).
6
Let w(o) = o**2 - 13*o + 24. Give w(11).
2
Let z(b) = -6*b + 10. Determine z(2).
-2
Let u(f) = 13*f - 9. Give u(2).
17
Let u(n) = n - 8. Calculate u(12).
4
Let i(c) = -69*c + 3. What is i(-1)?
72
Let j(v) = 2*v**2 + 4*v - 3. Give j(0).
-3
Let i(n) = -2*n**2 + 25*n - 42. Calculate i(12).
-30
Let l(m) = -m + 5. Calculate l(11).
-6
Let a(q) = -9*q - 17. Calculate a(-2).
1
Let i(n) = n - 9. Calculate i(9).
0
Let w(o) = -6*o**2 - 286*o + 94. What is w(-48)?
-2
Let x(p) = -3*p**2 - 3*p + 3. Calculate x(1).
-3
Let t(r) = r**3 - r**2 + 6*r - 2. Calculate t(0).
-2
Let j(k) = 6*k + 16. What is j(-9)?
-38
Let t(c) = -c**3 - 6*c**2 + 3*c - 1. Determine t(-6).
-19
Let i(v) = -v**3 - 3*v**2 + 3*v + 4. Give i(-3).
-5
Let v(a) = 2*a**2 - 26*a + 6. Determine v(13).
6
Let q(r) = -22*r + 1. What is q(2)?
-43
Let i(u) = -19*u**2 - 39*u + 2. Give i(-2).
4
Let z(w) = w**3 + 10*w**2 + 13*w + 23. Determine z(-9).
-13
Let q(s) = -s**2 - 2*s - 3. Calculate q(0).
-3
Let j(x) = -x**2 + 5*x + 5. What is j(5)?
5
Let p(w) = w**2 - 17*w + 27. Determine p(11).
-39
Let k(y) = -y**3 + 8*y**2 + 3*y - 18. Determine k(8).
6
Let w(o) = -o**3 - 7*o**2 - o + 10. Calculate w(-7).
17
Let h(w) = -w - 16. Give h(-25).
9
Let c(r) = -31*r. Give c(1).
-31
Let o(t) = -t**2 - 11*t - 22. Give o(-8).
2
Let f(x) = 36*x - 5. Calculate f(-1).
-41
Let n(k) = -3*k - 58. Calculate n(-9).
-31
Let m(c) = -3*c. Give m(0).
0
Let x(r) = -4*r + 69. Determine x(19).
-7
Let a(y) = -y - 4. Determine a(-7).
3
Let y(h) = 24*h**3 + h**2. Give y(1).
25
Let v(b) = -b**3 + 2*b + 1. Give v(-1).
0
Let n(p) = -10*p + 42. What is n(4)?
2
Let q(r) = 18*r**2 + r. Give q(1).
19
Let p(a) = -a**3 + 7*a**2 + 31*a + 5. Determine p(10).
15
Let c(i) = -i**2 + 10*i - 3. Determine c(5).
22
Let y(j) = j**3 + 6*j**2 - 22*j - 19. Give y(-8).
29
Let j(l) = l - 32. Give j(-4).
-36
Let t(p) = -4*p - 96. Determine t(-26).
8
Let i(y) = y**3 + 5*y**2 - y + 11. Give i(-4).
31
Let y(k) = -6*k - 16. Determine y(8).
-64
Let z(m) = -7*m**3 - 3*m**2 + 4*m - 2. What is z(1)?
-8
Let c(p) = 3*p + 34. Give c(-13).
-5
Let f(q) = -7*q - 16. Give f(-17).
103
Let n(k) = -k**3 - 6*k**2 + 2*k + 2. Determine n(-5).
-33
Let z(u) = -u**2 + 5*u - 9. Calculate z(13).
-113
Let l(j) = 7*j + 1. Determine l(-3).
-20
Let o(n) = -12*n**2 + 2*n - 2. What is o(1)?
-12
Let m(r) = -r**3 + 19*r**2 - 32*r - 17. What is m(17)?
17
Let h(j) = -8*j + 32. Give h(-2).
48
Let o(n) = -3*n**3 - 1. Determine o(-1).
2
Let r(x) = 3*x - 22. Determine r(7).
-1
Let w(a) = -19*a - 7. Give w(-4).
69
Let d(b) = -b**3 + 1. What is d(3)?
-26
Let i(z) = -2*z - 42. What is i(-13)?
-16
Let k(p) = p**3 - 9*p**2 + 6*p + 14. What is k(6)?
-58
Let w(y) = y**3 + 9*y**2 + 9*y + 7. What is w(-8)?
-1
Let w(l) = l**2 - l - 10. Give w(0).
-10
Let s(j) = -9*j + 34. Give s(9).
-47
Let i(l) = 2*l**2 + 3*l - 4. Determine i(-3).
5
Let w(b) = 14*b**2 + 3*b + 5. What is w(0)?
5
Let l(d) = 5*d + 72. Give l(-6).
42
Let c(t) = -t**3 - 7*t**2 + 8*t - 5. Calculate c(-8).
-5
Let f(w) = -w - 28. Determine f(-17).
-11
Let k(c) = 11*c - 15. Determine k(5).
40
Let w(u) = u**3 + 19*u**2. Calculate w(-19).
0
Let b(q) = 11*q**2 - 1003*q + 183. What is b(91)?
1
Let s(q) = -q**2 - 12*q - 13. What is s(-10)?
7
Let o(q) = -q**3 + 16*q**2 + 3*q - 28. Calculate o(16).
20
Let q(i) = i**3 + 3*i**2 - 6*i - 5. Calculate q(-4).
3
Let y(r) = r**3 - 10*r**2 + 2*r - 15. Calculate y(10).
5
Let u(l) = 14*l + 1. What is u(-3)?
-41
Let j(p) = 4*p**2 - 4*p - 15. What is j(6)?
105
Let f(h) = -13*h + 189. Determine f(15).
-6
Let s(h) = -h**3 + 14*h**2 - 10*h - 34. Give s(13).
5
Let k(b) = b - 3. Give k(9).
6
Let n(o) = o**2 - 5*o - 2. Give n(-3).
22
Let r(j) = 3*j - 13. Calculate r(6).
5
Let n(d) = d + 11. Determine n(-13).
-2
Let y(m) = m**2 + 9*m - 13. Determine y(-9).
-13
Let d(k) = k**2 + 9*k - 10. What is d(-10)?
0
Let c(x) = -19*x + 92. Calculate c(5).
-3
Let o(k) = k - 5. Give o(-2).
-7
Let x(t) = 5*t - 54. Give x(17).
31
Let q(f) = -7*f + 7. Calculate q(-5).
42
Let i(w) = 3*w - 31. Calculate i(17).
20
Let p(t) = -t**3 - 3*t**2 - 4*t - 4. Calculate p(-4).
28
Let r(q) = q**3 + 10*q**2 - 13*q - 7. What is r(-11)?
15
Let l(w) = -w**2 - 15*w - 4. Give l(-10).
46
Let u(x) = x**2 - 2*x - 4. Calculate u(8).
44
Let v(u) = -2*u**2 - 44*u + 29. Determine v(-23).
-17
Let w(y) = -2*y**3 - 6*y**2 + 9*y + 8. Determine w(-5).
63
Let r(p) = -p - 42. Determine r(-